{"id":23941,"date":"2021-09-29T16:30:59","date_gmt":"2021-09-29T15:30:59","guid":{"rendered":"https:\/\/sas.unl.pt\/?page_id=23941"},"modified":"2024-08-01T16:07:04","modified_gmt":"2024-08-01T15:07:04","slug":"cepe-2","status":"publish","type":"page","link":"https:\/\/sas.unl.pt\/en\/cepe-2\/","title":{"rendered":"CEPE"},"content":{"rendered":"\n<p>Within the scope of its responsibilities and as a form of indirect support, NOVA\u2019s Social Welfare Services (SASNOVA) operates a childhood support center, the Centro de Educa\u00e7\u00e3o Pr\u00e9-Escolar (CEPE), primarily dedicated to the children of those students who attend NOVA University (NOVA).<\/p>\n","protected":false},"excerpt":{"rendered":"<p>Within the scope of its responsibilities and as a form of indirect support, NOVA\u2019s Social Welfare Services (SASNOVA) operates a childhood support center, the Centro de Educa\u00e7\u00e3o Pr\u00e9-Escolar (CEPE), primarily dedicated to the children of those students who attend NOVA University (NOVA).<\/p>\n","protected":false},"author":13,"featured_media":51198,"parent":0,"menu_order":3,"comment_status":"closed","ping_status":"closed","template":"","meta":{"_acf_changed":false,"footnotes":""},"class_list":["post-23941","page","type-page","status-publish","has-post-thumbnail","hentry"],"acf":{"seccao":[{"titulo":"CEPE ","conteudo":"<div id='gallery-1' class='gallery galleryid-23941 gallery-columns-3 gallery-size-thumbnail'><figure class='gallery-item'>\n\t\t\t<div class='gallery-icon landscape'>\n\t\t\t\t<a href='https:\/\/sas.unl.pt\/en\/cepe-2\/img_9510-2-2\/'><img width=\"150\" height=\"150\" src=\"https:\/\/sas.unl.pt\/wp-content\/uploads\/2023\/07\/IMG_9510-1-150x150.jpg\" class=\"attachment-thumbnail size-thumbnail\" alt=\"\" decoding=\"async\" loading=\"lazy\" srcset=\"https:\/\/sas.unl.pt\/wp-content\/uploads\/2023\/07\/IMG_9510-1-150x150.jpg 150w, https:\/\/sas.unl.pt\/wp-content\/uploads\/2023\/07\/IMG_9510-1-400x400.jpg 400w, https:\/\/sas.unl.pt\/wp-content\/uploads\/2023\/07\/IMG_9510-1-100x100.jpg 100w\" sizes=\"auto, (max-width: 150px) 100vw, 150px\" \/><\/a>\n\t\t\t<\/div><\/figure><figure class='gallery-item'>\n\t\t\t<div class='gallery-icon landscape'>\n\t\t\t\t<a href='https:\/\/sas.unl.pt\/en\/cepe-2\/img_9506-2\/'><img width=\"150\" height=\"150\" src=\"https:\/\/sas.unl.pt\/wp-content\/uploads\/2023\/07\/IMG_9506-150x150.jpg\" class=\"attachment-thumbnail size-thumbnail\" alt=\"\" decoding=\"async\" loading=\"lazy\" srcset=\"https:\/\/sas.unl.pt\/wp-content\/uploads\/2023\/07\/IMG_9506-150x150.jpg 150w, https:\/\/sas.unl.pt\/wp-content\/uploads\/2023\/07\/IMG_9506-400x400.jpg 400w, https:\/\/sas.unl.pt\/wp-content\/uploads\/2023\/07\/IMG_9506-100x100.jpg 100w\" sizes=\"auto, (max-width: 150px) 100vw, 150px\" \/><\/a>\n\t\t\t<\/div><\/figure><figure class='gallery-item'>\n\t\t\t<div class='gallery-icon landscape'>\n\t\t\t\t<a href='https:\/\/sas.unl.pt\/en\/cepe-2\/img_9507-3-2\/'><img width=\"150\" height=\"150\" src=\"https:\/\/sas.unl.pt\/wp-content\/uploads\/2023\/07\/IMG_9507-2-150x150.jpg\" class=\"attachment-thumbnail size-thumbnail\" alt=\"\" decoding=\"async\" loading=\"lazy\" srcset=\"https:\/\/sas.unl.pt\/wp-content\/uploads\/2023\/07\/IMG_9507-2-150x150.jpg 150w, https:\/\/sas.unl.pt\/wp-content\/uploads\/2023\/07\/IMG_9507-2-400x400.jpg 400w, https:\/\/sas.unl.pt\/wp-content\/uploads\/2023\/07\/IMG_9507-2-100x100.jpg 100w\" sizes=\"auto, (max-width: 150px) 100vw, 150px\" \/><\/a>\n\t\t\t<\/div><\/figure><figure class='gallery-item'>\n\t\t\t<div class='gallery-icon landscape'>\n\t\t\t\t<a href='https:\/\/sas.unl.pt\/en\/noticias\/cepe-do-campus-da-caparica-e-inaugurado-apos-periodo-de-obras\/img_9479-2-2\/'><img width=\"150\" height=\"150\" src=\"https:\/\/sas.unl.pt\/wp-content\/uploads\/2023\/07\/IMG_9479-1-150x150.jpg\" class=\"attachment-thumbnail size-thumbnail\" alt=\"\" decoding=\"async\" loading=\"lazy\" srcset=\"https:\/\/sas.unl.pt\/wp-content\/uploads\/2023\/07\/IMG_9479-1-150x150.jpg 150w, https:\/\/sas.unl.pt\/wp-content\/uploads\/2023\/07\/IMG_9479-1-400x400.jpg 400w, https:\/\/sas.unl.pt\/wp-content\/uploads\/2023\/07\/IMG_9479-1-100x100.jpg 100w\" sizes=\"auto, (max-width: 150px) 100vw, 150px\" \/><\/a>\n\t\t\t<\/div><\/figure><figure class='gallery-item'>\n\t\t\t<div class='gallery-icon landscape'>\n\t\t\t\t<a href='https:\/\/sas.unl.pt\/en\/cepe-2\/img_9508-3-2\/'><img width=\"150\" height=\"150\" src=\"https:\/\/sas.unl.pt\/wp-content\/uploads\/2023\/07\/IMG_9508-2-150x150.jpg\" class=\"attachment-thumbnail size-thumbnail\" alt=\"\" decoding=\"async\" loading=\"lazy\" srcset=\"https:\/\/sas.unl.pt\/wp-content\/uploads\/2023\/07\/IMG_9508-2-150x150.jpg 150w, https:\/\/sas.unl.pt\/wp-content\/uploads\/2023\/07\/IMG_9508-2-400x400.jpg 400w, https:\/\/sas.unl.pt\/wp-content\/uploads\/2023\/07\/IMG_9508-2-100x100.jpg 100w\" sizes=\"auto, (max-width: 150px) 100vw, 150px\" \/><\/a>\n\t\t\t<\/div><\/figure>\n\t\t<\/div>\n\n"},{"titulo":"Beneficiaries","conteudo":"<p><strong>CEPE\u2019s<\/strong> targeted audience is NOVA\u2019s academic world, whereby priority will be given to the children, and\/or equivalent:<\/p>\n<p>a) Of students who benefit from scholarships and who are enrolled in study programs leading to an academic degree;<br \/>\nb) Of students who are enrolled in study programs leading to an academic degree;<br \/>\nc) Of external researchers working for NOVA;<br \/>\nd) Of NOVA\u2019s staff members (faculty and non-faculty members), irrespective of the type of employment contract;<br \/>\ne) Of personnel of those entities engaged at the Caparica Campus and the Madan Parque; and<\/p>\n<p>On an exceptional and availability basis, the children of citizens with no connection to NOVA.<\/p>\n"},{"titulo":"Programs","conteudo":"<p>CEPE works during the work hours of, or due to the impediment of, the Parents or Legal Guardians, providing them with the continued care as ensured by the family, and with the conditions for their continued development.<\/p>\n<p>The<strong> Nursery<\/strong> is dedicated to welcoming children between 4 to 12 months of age;<\/p>\n<p>The<strong> Daycare<\/strong> is dedicated to welcoming children between 12 months to 3 years of age;<\/p>\n<p>The<strong> Kindergarten <\/strong>shall be understood as the establishment dedicated to welcoming children between the ages of 3 to 5 years.<\/p>\n"},{"titulo":"Schedule","conteudo":"<p><strong>Opening Hours:<\/strong><br \/>\nCEPE\u2019s opening hours for all available Programs will be business days, between 08:00 to 19:00.<\/p>\n<p><strong>School Term:<\/strong><br \/>\nThe school term is defined every year and it will run between the first business day of the month of September until the last business day of the month of August.<\/p>\n"},{"titulo":"Regulation","conteudo":"<p><a href=\"https:\/\/sas.unl.pt\/wp-content\/uploads\/2024\/08\/REGULAMENTO-CEPE-2024_2025-INGLES_Atualizado-1.docx\">Regulation CEPE<\/a><\/p>\n"},{"titulo":"Applications and Admissions","conteudo":"<p><strong>Applications<\/strong><\/p>\n<p>Applications can be submitted throughout the year.<br \/>\nAdmission shall be conditional upon the availability of places and conditioned by the selection criteria set forth in the \u2018Beneficiaries\u2019 section.<br \/>\nIf no places are available, applications will be put on a waiting list.<\/p>\n<p><strong>Tuition<\/strong><\/p>\n<p>Attendance at CEPE includes the payment of the enrollment fee and a monthly tuition, as a form of contribution, which amounts shall be reviewed and approved by SASNOVA\u2019s Management Board, on an annual basis.<\/p>\n"},{"titulo":"Location","conteudo":"<p><iframe loading=\"lazy\" style=\"border: 0;\" src=\"https:\/\/www.google.com\/maps\/embed?pb=!1m18!1m12!1m3!1d3115.4461168482885!2d-9.20699518558576!3d38.661614268414546!2m3!1f0!2f0!3f0!3m2!1i1024!2i768!4f13.1!3m3!1m2!1s0xd1ecb90cb1adb0f%3A0xfdf958d86909e71b!2sCantina%20FCT!5e0!3m2!1spt-PT!2spt!4v1625060326399!5m2!1spt-PT!2spt\" width=\"600\" height=\"450\" allowfullscreen=\"allowfullscreen\"><\/iframe><\/p>\n<p>Campus da Caparica<br \/>\nQuinta da Torre<\/p>\n<p>2825 \u2013 516 Monte da Caparica<br \/>\nt: +351 212 941 728 \/ +351 212 940 755<\/p>\n"},{"titulo":"Contacts","conteudo":"<p>Sandra Figueiras<br \/>\nChildhood Support Office Coordinator<br \/>\n<a href=\"mailto:apoioinfancia@unl.pt\">apoioinfancia@unl.pt<\/a> | +351 213 715\u00a0600<\/p>\n<p>S\u00edlvia Fernandes<br \/>\nCoordenadora Pedag\u00f3gica<br \/>\n<a href=\"mailto:cepesasnova@unl.pt\">cepesasnova@unl.pt<\/a><\/p>\n"}],"link_rapido":false},"_links":{"self":[{"href":"https:\/\/sas.unl.pt\/en\/wp-json\/wp\/v2\/pages\/23941","targetHints":{"allow":["GET"]}}],"collection":[{"href":"https:\/\/sas.unl.pt\/en\/wp-json\/wp\/v2\/pages"}],"about":[{"href":"https:\/\/sas.unl.pt\/en\/wp-json\/wp\/v2\/types\/page"}],"author":[{"embeddable":true,"href":"https:\/\/sas.unl.pt\/en\/wp-json\/wp\/v2\/users\/13"}],"replies":[{"embeddable":true,"href":"https:\/\/sas.unl.pt\/en\/wp-json\/wp\/v2\/comments?post=23941"}],"version-history":[{"count":3,"href":"https:\/\/sas.unl.pt\/en\/wp-json\/wp\/v2\/pages\/23941\/revisions"}],"predecessor-version":[{"id":61085,"href":"https:\/\/sas.unl.pt\/en\/wp-json\/wp\/v2\/pages\/23941\/revisions\/61085"}],"wp:featuredmedia":[{"embeddable":true,"href":"https:\/\/sas.unl.pt\/en\/wp-json\/wp\/v2\/media\/51198"}],"wp:attachment":[{"href":"https:\/\/sas.unl.pt\/en\/wp-json\/wp\/v2\/media?parent=23941"}],"curies":[{"name":"wp","href":"https:\/\/api.w.org\/{rel}","templated":true}]}}

<p>Within the scope of its responsibilities and as a form of indirect support, NOVA’s Social Welfare Services (SASNOVA) operates a childhood support center, the Centro de Educação Pré-Escolar (CEPE), primarily dedicated to the children of those students who attend NOVA University (NOVA).</p>

<p>Sandra Figueiras<br />
Childhood Support Office Coordinator<br />
<a href="mailto:apoioinfancia@unl.pt">apoioinfancia@unl.pt</a> | +351 213 715 600</p>
<p>Sílvia Fernandes<br />
Coordenadora Pedagógica<br />
<a href="mailto:cepesasnova@unl.pt">cepesasnova@unl.pt</a></p>
